0 - n**4/6 - n**3/2 - 2*n**2. Suppose 164*a = 162*a + 24. Suppose 0 = -a*q - 34*q - 138. What is y(q)?
-9
Let r(j) = -j + 37. Let v(u) = -u**2 + 23*u - 194. Let h(x) = 4*r(x) + v(x). What is h(21)?
-88
Suppose -3*y + 2*l - 37 = 0, -10*y - 2*l - 96 = -6*y. Let a(u) = -u**3 + 20*u**2 + 23*u + 25. Let b(v) = -v**3 + v. Let q(c) = a(c) - 2*b(c). Give q(y).
-13
Let m(s) = s + 4. Let b be m(-6). Let r(q) = -1 - 16*q**3 + 4*q**3 - 2*q**2 + 0*q**3 + q**2 + 11*q**3 + q. What is r(b)?
1
Let o(b) be the first derivative of -b**5/20 - b**4/12 + 5*b**2/2 - 39*b + 18. Let f(p) be the first derivative of o(p). Let j = -3 - -3. Calculate f(j).
5
Let t(c) = -c**3 - 12*c**2 - c - 22. Suppose 37*l - 3*j + 21 = 35*l, -19 = 2*l - 5*j. Give t(l).
-10
Let g(w) be the first derivative of 2*w**2 + 7*w**2 + 7*w**2 - 5*w - 13*w**2 - 83. Calculate g(4).
19
Let a(z) = z - 1. Let m(c) = 7*c - 19. Let o(t) = 6*a(t) - m(t). Let x = -5973 + 5982. Give o(x).
4
Let d(y) = -y**2 + 3*y + 12. Let r be d(0). Let m(x) be the third derivative of -x**4/24 + 7*x**3/3 + 157*x**2. Give m(r).
2
Let f(x) = x**3 + x**2. Let h = -180 + 195. Suppose 3*r = -7*g + 10*g - h, -g + 6 = -2*r. Determine f(r).
0
Let b(z) = -19985 - 22*z + 40086 + z**2 - 20038. Determine b(19).
6
Let m be (2/2)/(5/285). Suppose 9*d - 15 = m. Let r(y) = y**2 - 420*y + d + 206*y + 205*y. What is r(8)?
0
Let y(g) = 1 + 1 - 2 - g - 3. Suppose -12 = n - 3*c, 2*c + 71 = -5*n + 130. Give y(n).
-12
Let f(b) = 129*b - 669. Let n be f(5). Let z(a) = -a**2 - 26*a - 51. What is z(n)?
-3
Suppose 4*q = q + 15, -2*q + 22 = -4*y. Let w(h) = 3*h + 13. Let k be w(y). Let b(n) = -1 + n + n**3 - 3*n - 3*n**2 - 2*n. What is b(k)?
-1
Let g(h) = -h**3 + 5*h**2 + 2*h - 9. Let v be -7 + -3 + 8 + 9 + -2. Determine g(v).
1
Let f(q) = q**3 + 6*q**2 - 10*q - 9. Let d = 33248 + -33255. Determine f(d).
12
Let v be 1/(1*(-1 - 0)). Let a(d) be the first derivative of -11*d**4/2 - d**3/3 - d**2 - d - 1017. Determine a(v).
22
Let c(b) = 21*b + 671. Let y(i) = -42*i - 1453. Let j(u) = -13*c(u) - 6*y(u). What is j(6)?
-131
Let x(g) = 48*g - 103. Let q(p) = 38*p - 106. Let f(m) = -6*q(m) + 5*x(m). What is f(-10)?
1
Let v(m) = -5*m + 52. Let w(t) = t**3 - 2*t**2 - 8*t + 8. Let y be w(-2). Give v(y).
12
Let k be (0 + 1)*(0 + -3 + 3). Suppose y - 2*x - 2*x = -7, k = 5*y + 2*x - 53. Suppose h - y = 2*h. Let c(a) = -a**2 - 9*a - 5. Determine c(h).
-5
Let u = 4264 + -4251. Let t(b) = -b**2 + 9*b - 18. Determine t(u).
-70
Let l(c) = 2*c**3 - 12*c**2 - 5*c + 20. Let h be (-2)/(4 + (-4 - 10/(-5))). Let q(z) = -z + 3. Let p(m) = h*l(m) + 5*q(m). Determine p(6).
-5
Let i be (-4)/(-3) + 20/30. Let q(o) = -3*o + i - 4 + 6. Let k be (-12)/30 - 34/(-10). Calculate q(k).
-5
Let n(c) = c**3 - 48*c**2 - 51*c + 96. Let d be n(49). Let q(w) = 6*w**3 - 3*w**2 - 7*w - 1. What is q(d)?
-47
Let d(v) = -5*v - 8. Let g be (48/(-20))/(-4) + (5 - 83/5). Calculate d(g).
47
Let w(r) = r**3 + r**2. Let f(y) = -3*y**3 - 12*y**2 + 13*y + 25. Let k(a) = f(a) + 2*w(a). What is k(-11)?
3
Suppose 4*z - 16 = -4*n, 7 = 3*z + 5*n - 11. Let x(k) = -k**2 - 2*k. Let j(f) = f**3 - 5*f**2 + 10*f - 10. Let i(q) = z*j(q) + 3*x(q). What is i(7)?
-31
Suppose 12 = -21*l + 54. Let q(w) = 10*w**2 - 15 - 5*w - 22*w**2 - w**3 + 6*w**l + 9. What is q(-5)?
-6
Let z(t) = t**2 + 9*t. Suppose o + 81 = 15. Let r = o + 58. Give z(r).
-8
Let x(t) = -5*t**2 + 242*t - 239*t + 9*t**2 + 1 + 36*t**2. What is x(1)?
44
Let y(g) = 5*g + 9. Let l(a) = a - 2. Let s(u) = 2*l(u) - y(u). Suppose 4*b - 3 + 43 = -4*j, 0 = 2*j + b + 17. Determine s(j).
8
Let i(h) = -2*h**3 - 7 + 6*h**3 + 7*h - 9*h**3 + 7*h**2 + 4*h**3 + h**2. Calculate i(9).
-25
Let j(x) = x**3 - 8*x**2 + 10*x - 16. Suppose -4*s + o = -61 + 35, 3*s = -25*o + 174. Give j(s).
64
Let v = 154 - 149. Suppose -2*n = -v + 21. Let p(k) = -k - 8. Give p(n).
0
Let o(z) = -10*z + 96. Let d be o(9). Suppose 5*m - k - 3 = -15, -d = 2*k. Let t(j) = 7*j - 1. Calculate t(m).
-22
Let d(y) be the second derivative of y**4/12 - 11*y**2/2 - 3*y. Suppose 0 = 2*t - 6, 6*k - k - t = 97. Suppose 4*q = -k, 16*q = -5*v + 20*q + 20. Give d(v).
-11
Let l(x) = -3*x**2 + 13*x - 37. Let m(t) = 2*t**3 - 23*t**2 - 15*t + 7. Let u be m(0). Give l(u).
-93
Let s be 3/4 + (-4)/((-512)/800). Let a(p) = -3*p**2 + 20*p - 19. Calculate a(s).
-26
Let q(h) = -15*h**3 + 53*h**2 + 73*h + 76. Let p(b) = -7*b**3 + 27*b**2 + 39*b + 38. Let s(d) = 13*p(d) - 6*q(d). What is s(35)?
3
Let n be (-5)/(60/(-124)) + (-3)/9. Let j = n - 2. Let y(v) = 4 - 268*v + 266*v + j - 5. Calculate y(-5).
17
Let x(b) be the third derivative of 2*b**5/15 - 17*b**4/4 - 14*b**3/3 - 52*b**2 - 29*b. Determine x(13).
-2
Let w(r) = 2*r - 10. Let x be w(-14). Let m = 42 + x. Let u(f) be the first derivative of f**2/2 + f - 26. What is u(m)?
5
Let a(v) be the first derivative of -v**3/3 - 21*v**2/2 - 81*v + 1822. What is a(-6)?
9
Suppose -3*z + 1 = 16. Let l(p) = 3*p**3 - 26*p**2 + 17*p + 6. Let u(i) = -i**3 + 8*i**2 - 5*i - 2. Let b(a) = 6*l(a) + 19*u(a). Give b(z).
-12
Let y = -19653 + 19662. Let p(q) = -2*q**2 - q + 9. Calculate p(y).
-162
Let m(h) be the third derivative of -h**7/2520 - 7*h**6/720 + h**5/60 - 13*h**4/12 + 2*h**3/3 - 188*h**2. Let d(p) be the second derivative of m(p). Give d(-6).
8
Let n(x) = -12*x**2 - 4*x - 5. Let j(g) = 11*g**2 + 9*g + 6. Let p(v) = 2*j(v) + 3*n(v). Give p(1).
-11
Let t(z) = -z**2 - 4*z - 5. Let m(r) = -2*r**2 + 32*r + 107. Let c(o) = m(o) - 3*t(o). Give c(-41).
-1
Let w = -308 + 324. Suppose k = -2*y + 6, 11*y = 2*k + w*y - 12. Let d(r) = 3*r - 6. Give d(k).
12
Let i be ((-98)/130 + (-928)/52 + 18)*-5. Let m(y) = -6*y**2 + 11*y - 5. What is m(i)?
-26
Let m be 14/35*(5 + 0/2). Let d(v) = -2*v**m + 10 + 4*v**2 + v**2 - 2*v**2 - 8*v. Let w be d(4). Let h(t) = -2*t. Give h(w).
12
Let w = 45 - -2. Suppose -17*m - w + 64 = 0. Let n(y) = 13*y**3 - y**2 + 1. Determine n(m).
13
Let p(x) = x**3 - 17*x**2 + 18*x - 34. Let s(y) = 3*y + 42. Let d be s(-13). Suppose v + n + d = 22, v = 4*n + 4. Determine p(v).
-2
Suppose -6 = 17*y - 15*y. Suppose 2*k = -3*v - 7, -2*v - 3*k - 13 = -0*k. Let i(a) = -v + a**3 + 2*a**2 + a**2 - 6 + 4. Give i(y).
-3
Suppose 0 = -4*v + 4*q - 7*q + 15, -5*q - 9 = v. Let i(d) be the first derivative of d**2/2 + d + 5. Determine i(v).
7
Let p(z) = z**2 + 2*z - 2. Suppose -279 = 24*y - 303. Calculate p(y).
1
Let d(s) = s**2 + 13*s + 10. Let g be d(-8). Let c be 16/(-3) + (-10)/g. Let o(y) be the second derivative of y**3/6 + 3*y**2/2 + 3*y. Calculate o(c).
-2
Let j(n) = 2*n**2 + 9*n + 9. Suppose 4*a - 3*p + 168 = 0, -51 = 2*a - 5*p + 33. Let z = a - -38. What is j(z)?
5
Let g = 86 - 83. Let u(p) = -2*p + 3*p**g - 5*p**3 - 1 + 5*p + p**3 - 2*p**2. Give u(-4).
19
Suppose -f = -5*k + 253 - 1163, -3*k - 2718 = -3*f. Let t = -902 + f. Let l(u) = -u**3 - u**2 - u + 3. What is l(t)?
-36
Let f be (-3)/8*(-54 + 46)*1*-3. Let n(c) = -3*c - 30. Determine n(f).
-3
Let r(c) = 4*c + 24 - c + c - c. Let g(h) = 7*h + 48. Let b(x) = -2*g(x) + 5*r(x). Let u(s) = 174*s + 1392. Let k be u(-8). Give b(k).
24
Let j be (0 - (-7 - -9))*(-5)/(-2). Let k(i) = -i - 3. Let h(r) = -5*r - 16. Let n(a) = -2*h(a) + 11*k(a). Calculate n(j).
4
Let p(o) = 24*o**2 - 6*o**2 - 2*o**2 - 1 + 28*o**2 + 6*o**2 - o. Determine p(1).
48
Let r = 9 + -14. Let g(b) be the first derivative of b**3/2 + 5*b**2/2 - 142*b - 135. Let a(o) be the first derivative of g(o). Calculate a(r).
-10
Suppose 2*k = -3*f - 3, -7*f = -3*k - 10 + 63. Let p(u) = 3*u**2 - 19*u + 2. What is p(k)?
-4
Let q be 38/14 - (-8)/28. Let s be (-1 - 6)*(0 + 6/(-21)). Let y(i) = 10 + 12 - s*i + 13 - 36. Determine y(q).
-7
Suppose -3*d + 2*v + 18 = d, -4*v - 28 = -4*d. Suppose -35 = 3*l - 5*z, -2*l - 7 = l + d*z. Let p(j) = j**3 + 4*j**2 - 8*j - 5. Calculate p(l).
10
Let r(k) be the first derivative of -k**5/60 + 11*k**3/6 - 7*k**2/2 + 107. Let b(p) be the second derivative of r(p). Give b(0).
11
Let c(h) = -h - 4. Let j = -26 - -28. Suppose -15 = -3*f + 5*r, 10 + j = 4*r. Let g(k) = -3*k + 26. Let w be g(f). Calculate c(w).
0
Let l(s) = -s**2 - 6*s + 2. Suppose -8*b + 24*b = -48*b - 448. Determine l(b).
-5
Suppose 154 = 5*w - 4*x + 2*x, 2*w + x - 58 = 0. Let b = w + -22. Suppose b*h = 12*h + 24. Let s(p) = p**3 + 6*p**2 - 5. What is s(h)?
-5
Let u(j) be the first de